sor of a and 13?
13
Let v(a) = 41*a - 44. Let o be v(4). What is the greatest common factor of o and 648?
24
Let g(q) = 56*q**2 - 2*q + 2. Suppose -13 = -6*t - 7. Let u be g(t). Let f = u + -42. Calculate the highest common factor of 154 and f.
14
Let o = 7 + 1. Let t(v) = 256*v - 2812. Let q be t(11). Calculate the highest common divisor of q and o.
4
Suppose 2*b + 7 = 2*p - 7, 5*b + 3*p = -11. Let r(f) = -9*f + 4. Let w be r(b). What is the greatest common factor of 5 and w?
5
Suppose -17 = 3*q - 32. Suppose -q*l = -11 + 6, l = 3*i - 293. Calculate the greatest common divisor of 21 and i.
7
Let f(l) = -l**3 - 15*l**2 + 162*l + 26. Let k be f(-23). What is the highest common factor of 112 and k?
28
Suppose -4 = -f + 5*h - 26, 4*f - 2*h = -34. Let z be (28/8)/f - (-3753)/18. Calculate the greatest common factor of z and 26.
26
Let o(u) = -u**2 + 92*u - 1342. Let y be o(22). What is the greatest common divisor of 117 and y?
9
Suppose y = -5*c + 4, 5*y - 5*c - 16 - 64 = 0. Let a(p) = -44*p - 31. Let h be a(-7). Let b = h - 151. What is the highest common factor of y and b?
14
Suppose 60*j + 47*j = -12*j + 10710. What is the greatest common factor of j and 162?
18
Suppose 2*h + 3*l = h - 93, -h - 95 = 5*l. Let f = 92 + h. Suppose 3*m = 2*j - 5, -4*m - 3 - f = -j. What is the greatest common factor of j and 8?
1
Suppose -44 = 235*v - 224*v. Let z be ((-6)/v)/(44/3520). What is the greatest common divisor of 16 and z?
8
Let x = 0 - 6. Let a(b) = 5*b**2 + 5*b - 2. Let v be a(x). Suppose 3*p + 40 = v. What is the greatest common factor of p and 24?
12
Suppose -12*h + 21 = -5*h. Let s be ((-246)/9)/(((-8)/h)/4). Let k = -34 + s. What is the highest common divisor of 70 and k?
7
Let u(y) = 138*y + 2358. Let n be u(-14). What is the greatest common factor of 8875 and n?
71
Let a = -368 + 243. Let s be (40/a*-5)/(1/20). Calculate the greatest common divisor of s and 168.
8
Suppose -21*w + 22 = -10*w. Let d be (3/2)/(w/4). Let f be (3 + -2)/((1/d)/1). What is the highest common factor of 5 and f?
1
Suppose 25 = 5*w, -2*f + 200 = 3*f - 4*w. Calculate the highest common divisor of f and 44.
44
Suppose 97262 = 23*g + 75113. What is the highest common factor of 9 and g?
9
Let q = -752 + 769. Suppose 1120 = -9*c + q*c. What is the greatest common factor of c and 315?
35
Suppose -10*u + 12*u - 34 = 0. Let c = u + -13. Suppose h + 1155 = c*h. Calculate the greatest common factor of h and 35.
35
Let a(n) = -n**2 - 62*n - 355. Let y be a(-49). What is the highest common factor of y and 6?
6
Suppose 8*o - 831 + 3147 = 4*r, 3*r - 4*o - 1747 = 0. What is the highest common divisor of 372 and r?
31
Suppose -54*w + 12*w - 48 + 384 = 0. Suppose -2*t + 720 = t. Suppose -4*n + t = -n. Calculate the greatest common factor of n and w.
8
Suppose 0 = 5*g - 10, 0 = -3*b + 5*g + 622 - 5. Let m = 312 + -293. What is the highest common factor of m and b?
19
Let z = -22 + 166. Let m = 63 + -105. Let g = 60 + m. What is the highest common divisor of z and g?
18
Let o be (-1)/2 - (-281)/(-2). Let r = 237 + o. Suppose -x + 32 = 8. Calculate the greatest common divisor of r and x.
24
Let w be (146/(-2) - -1)*3/(-6). Let m = -13 + 37. Calculate the highest common divisor of w and m.
12
Suppose 13 = -30*l + 31*l - 2*x, 5*x + 65 = 5*l. Let b = -8 + 3. Let m = 18 + b. What is the highest common factor of l and m?
13
Suppose c = -f + 4, -4*c = 8*f - 42 - 14. What is the highest common factor of 6770 and f?
10
Suppose 3*d = 2*u - 3, -4*d = 4*u - 11 - 5. Let g be ((-288)/27)/(4/(-6)). Calculate the greatest common divisor of u and g.
1
Let x = -22121 + 37615. Calculate the highest common factor of x and 122.
122
Suppose 1529 = 24*r + 521. Let z(u) = -7*u**3 - 4*u**2 + 11*u - 6. Let v be z(-5). What is the greatest common factor of r and v?
42
Let o = -16483 + 16687. Let c be 170*(6/4 - 0). Calculate the greatest common divisor of o and c.
51
Let f be 7 + -10 + 492/(-6). Let h = f + 91. Suppose -o + 3 = -0*o. What is the highest common factor of h and o?
3
Let j = 435 - 354. Calculate the greatest common factor of j and 144.
9
Let v be (0 - 4)/(5/140). Let l = -76 - v. Let t = l + 2. What is the greatest common factor of t and 114?
38
Let l(w) = -106*w**3 + 3*w**2 + 17*w - 2. Let r be l(-4). Calculate the greatest common divisor of r and 690.
138
Suppose 73 = c + 1. Let h be (-6)/(24/4732) - 1*5. Let t = h - -1197. Calculate the greatest common divisor of t and c.
9
Let n(l) = 2*l**2 + 7*l - 1. Let d be n(-5). Let p = -37586 + 37698. What is the highest common factor of p and d?
14
Suppose 45*k = 65*k - 580. Suppose -20*t = -k*t + 1890. What is the highest common factor of t and 30?
30
Let b(k) = -4*k + 6. Let x be b(-6). Let i = x - 26. Let n be (i - 2) + -5 - -7. What is the highest common factor of n and 6?
2
Let d be 1/(-15) + (-961826)/510. Let x = 2716 + d. What is the highest common divisor of x and 20?
10
Suppose 0 = 18*y - 42*y + 343 - 7. Calculate the highest common divisor of 12334 and y.
14
Let c(v) = -3*v - 28. Let n be c(-16). Let f = -2995 - -3050. Calculate the greatest common factor of n and f.
5
Let x be 20/8*132/15. Let k = x + -12. Suppose 675 = 15*l - k*l. Calculate the highest common factor of 15 and l.
15
Let z = -20 - -23. Suppose 11 = -2*u + z. Let r be (-2 - 12/8)/(2/u). Calculate the highest common factor of r and 1.
1
Let s = 2 + 9. Suppose -o = -b + 4 - s, 0 = 5*b + 10. Suppose n + l = 4*n - 89, -o = l. What is the greatest common factor of n and 4?
4
Suppose 4*o - 84 = o. Let h(p) = p**2 - 8*p - 12. Let r be h(-2). Suppose 5*x = 3*u + r, -u + 12 = 2*u. What is the highest common factor of o and x?
4
Suppose -16*v + 93*v + 128*v - 394830 = 0. What is the greatest common divisor of v and 576?
18
Let m(z) = -23*z**3 + 2*z + 1. Let s be m(-1). Suppose -5*l = -5*r - 65, -l + 324*r - 326*r + 16 = 0. Calculate the greatest common divisor of s and l.
2
Suppose 28*f - 155 = 153. Suppose 8*i + f*i = 1444. What is the highest common divisor of 266 and i?
38
Let f(b) = -229*b - 4063. Let r be f(-18). What is the highest common factor of 26 and r?
1
Let a be (203/(-3))/((-4)/12). Let t(m) = -m**3 - 100*m**2 - 7*m - 671. Let i be t(-100). What is the highest common divisor of i and a?
29
Let l = -462 - -458. Let n be (1288/42)/(l/(-18)) + -3. What is the highest common factor of n and 180?
45
Let q(k) = k**3 - 8*k**2 + 13*k - 3. Let y be (4 - 7) + -1 + 10. Let x be q(y). Let z be (-22 - (x + -5))*-3. Calculate the highest common divisor of 20 and z.
20
Let b(v) = -2*v**3 - v**2 + 18*v - 2. Let s be b(-5). Let j = s + -121. What is the highest common factor of j and 12?
12
Let c be (1386/90 - 7)*70. Let b be 4/18 - 424/(-36). Calculate the highest common factor of c and b.
12
Suppose f + 5*r - 147 - 64 = 0, -2*r + 862 = 4*f. Let h = f - 136. Suppose -2*m = 2, 13 = -2*z + m + h. Calculate the highest common factor of 33 and z.
33
Let x = -37946 + 37966. Suppose 2*g - 7 = 57. What is the highest common divisor of g and x?
4
Let z be 20 - 13 - (-6)/(-1) - -77. Let m(w) = -43*w - 55. Let v be m(-4). What is the greatest common factor of v and z?
39
Let w = -1 + -3. Suppose 0 = 2*t + 2*l - 6, 5*t = -0*t - 2*l + 9. Let k be (-44 + 0)/w*t. Calculate the highest common divisor of 66 and k.
11
Suppose 6*d = 4*d - 64. Let u be (40/d)/((-1)/4). Suppose -7*o + 10*o = 45. What is the greatest common factor of o and u?
5
Let v(b) be the first derivative of 65*b - 1/2*b**2 - 2. Let n be v(20). Calculate the greatest common divisor of 9 and n.
9
Suppose -68*j + 16388 = 173*j. Let k be (6 + -3)*40/6. What is the highest common divisor of j and k?
4
Suppose 0 = s + 5*r - 2*r - 52, -2*s - 4*r = -98. Let b = 53 + s. Let i = 98 - 86. Calculate the greatest common factor of b and i.
12
Suppose -199 - 141 = -20*n. Suppose -3*i + r = -66, -i = 3*r - n + 5. Calculate the highest common factor of i and 6.
3
Let y = -165 + 88. Let r = y + 99. Let u be ((-99)/12)/((-3)/88). What is the greatest common divisor of u and r?
22
Let f(y) = 2*y**2 + 16*y - 63. Let q be f(-19). Suppose q + 87 = 17*g. What is the highest common divisor of g and 325?
13
Suppose d = a + 1, -d + 4 = -4*a + 9. Let i be (-67)/(-6) - a - 10/60. What is the greatest common factor of 2 and i?
1
Suppose -u + 748 = -0*j - 2*j, 4 = j. 